6 = -4*s, 3*s - 5*c + 6 - 1 = 0. Suppose -3470 = -s*o - 1030. What is the units digit of o?
8
Let x(t) = 2*t - 6. Let v be x(6). Let p(z) = -13*z + 2. Let w be p(v). Let s = 237 + w. What is the hundreds digit of s?
1
Let d(j) = 41*j**2 + 61*j + 9. What is the hundreds digit of d(16)?
4
Suppose 18*p - 14*p - 24 = 0. Suppose 3*h + 2205 = p*h. What is the tens digit of h?
3
Suppose -25*b - 46 = 4. What is the units digit of (4/((-4)/163))/(-3 - b)?
3
Suppose -15*w - 39*w + 88655 + 21343 = 0. What is the hundreds digit of w?
0
Let l(f) = 2340*f**2 + 4*f + 54. What is the ten thousands digit of l(-3)?
2
Let n(k) be the first derivative of 2*k**3/3 + 15*k**2 - 99*k - 66. What is the hundreds digit of n(-24)?
3
Let g(d) = 506*d**2 + 39*d + 141. What is the ten thousands digit of g(7)?
2
Let y = 845 + 1484. Let d = y - 1609. What is the units digit of d?
0
Let w(l) be the third derivative of -l**6/120 - l**5/10 + l**4/8 - 7*l**3/2 - 28*l**2. Let u be w(-7). Suppose 3 = r - u. What is the units digit of r?
0
Let r(y) = 152*y - 44. Let f be r(9). Suppose 2*q = 7*o - 2*o - 6674, -o + f = -4*q. What is the units digit of o?
6
Suppose 0 = -3*r - p + 910, -8*r = -3*r + 5*p - 1530. Let g = -143 + r. Let x = g + -50. What is the hundreds digit of x?
1
Let k(z) = -6*z**2 + 36*z - 12. Let y be k(8). What is the units digit of (-2)/9 + -4*13371/y?
5
Suppose -4*s + 1453 = -5*v, 0 = 5*v + 3*s + 788 + 686. Let b = v - -204. What is the tens digit of (b/(-2))/((0 + -2)/(-4))?
8
Let g = -659 + 947. Let p = 12 + g. What is the tens digit of p?
0
Let d(p) = -19*p - 15. Let x be d(-1). Suppose 0 = -4*q + x, -19*i + 22*i - 839 = -5*q. What is the tens digit of i?
7
What is the hundreds digit of (34031/(-5) + 3)/((-226)/565)?
0
Let x = 23 - 23. Suppose 2*a + x*v = 2*v + 8, -4*v = 0. What is the tens digit of ((-332)/(-6))/(a/6)?
8
Let j(s) = 5*s**3 + 17*s**2 + 6*s - 67. What is the thousands digit of j(12)?
1
Let i(k) = 3*k**2 - 341*k + 7. What is the units digit of i(-24)?
9
Let t(r) = 42*r**2 + 3*r + 1. Let y be t(-1). Suppose -2*q + 2*k + y = 3*q, -4*q = 3*k - 9. Suppose -88 = q*d - 388. What is the tens digit of d?
5
Let w = 62 + -54. What is the tens digit of (-1100)/(-6) + 1 + w/(-6)?
8
Suppose 3*g + 4*w = 61, -g + 2*w + 37 = 2*g. Let p(n) = 2*n**2 - 17*n - 47. Let c be p(g). Suppose -c*h + 153*h - 905 = 0. What is the hundreds digit of h?
1
Let b = 2177 + 1492. What is the hundreds digit of b?
6
Let i(a) = 10*a**2 + 4*a + 19. What is the tens digit of i(-15)?
0
Let d(b) = 25*b - 13. Let r be 5 - 1 - (-4 + 6). Let n be d(r). Suppose n = j - 32. What is the units digit of j?
9
Let l(y) be the second derivative of -25*y**3/6 + y**2/2 + 51*y. What is the tens digit of l(-5)?
2
Let r(m) = -2272*m**3 - 3*m**2 - 160*m - 486. What is the units digit of r(-3)?
1
Suppose 14*x - 12 = 12*x. Let t be (-4)/x*((-57)/6 - 1). Suppose 8*b - 13 = t*b. What is the units digit of b?
3
Let u be (-2170)/(-93)*((-12)/5)/2. What is the tens digit of (-24836)/(-49) - (-24)/u?
0
Suppose -23*q = -5*q - 10836. Suppose 2*y = 360 + q. What is the hundreds digit of y?
4
Let u(w) = 539*w**2 - 2*w - 3. What is the units digit of u(3)?
2
Let q(p) be the second derivative of p**5/20 + p**4 - 97*p**3/6 + 17*p**2/2 - 2*p - 4. What is the tens digit of q(-16)?
4
Let y(h) = 58*h**3 + h**2 - 39*h + 313. What is the units digit of y(10)?
3
Suppose -122 - 22 = -3*y. Let t = y - 131. Let i = t - -168. What is the tens digit of i?
8
Let k(l) = 183*l - 2399. What is the units digit of k(60)?
1
Let p(r) = -13*r - 47. Let j(h) = -3*h**2 - 4*h. Let f be j(-2). What is the units digit of p(f)?
5
Suppose -h - 5*u - 8 + 36 = 0, -3*h + 3*u = 6. Suppose 3*r + h*q = 795, -2*r = -2*q - 613 + 79. What is the hundreds digit of r?
2
Suppose -3*g - g = -4*x + 2420, 0 = x - 4*g - 620. What is the units digit of x?
0
Let t(h) = 9*h**3 + 8*h**2 + 10*h - 21. What is the thousands digit of t(7)?
3
Let f be (1880/(-4))/(-3 + (-2 - -6)). Let q = 808 + f. What is the units digit of q?
8
Let f(g) = 35*g - 129. Let o be (-352)/(-12) + -10 + 4/6. What is the units digit of f(o)?
1
Let o(n) = 12*n + 7*n + 2*n**2 + 2 - 4. Suppose -12*u + 47 - 239 = 0. What is the tens digit of o(u)?
0
Let d be (-2 + 20/8)/(1/80). Let v = d + -40. What is the units digit of 2 - v - (2 - 1) - -96?
7
Let f be 935/51*(-12)/10. Let x(a) = -33*a - 16. What is the hundreds digit of x(f)?
7
Let j(p) = 9*p + 45*p - 10*p + 82*p - 124 - 15*p. What is the tens digit of j(11)?
9
Suppose 33 = -14*i + 25*i. Suppose w = -i*x + 885, 3*x + 9*w = 12*w + 873. What is the hundreds digit of x?
2
Suppose -19*a + 10*a = -135. Suppose -v + 297 - a = 0. What is the tens digit of v?
8
Suppose 112 = 6*s + 88. Suppose 5*z + 401 = -36*g + 38*g, 2*g = -s*z + 374. What is the units digit of g?
3
Suppose -777*y - 3*v + 22686 = -776*y, 22680 = y + v. What is the units digit of y?
7
Let f(a) = 4*a**2 - 31*a - 142. What is the hundreds digit of f(-30)?
3
Let l = 105157 - 63282. What is the thousands digit of l?
1
What is the units digit of (-29)/(203/(-99624)) + -1*10?
2
Let t be 7/(-4 - -5) - 3. Suppose -5*l + 438 + 387 = 5*i, -t = 2*i. What is the tens digit of l?
6
Let r(s) = -2*s**3 + 5*s**2 - 4*s + 12. Let v(o) = o**2 + 1. Let d(k) = -r(k) - 5*v(k). What is the tens digit of d(6)?
7
Let r be (-4 - 2/(-1))/(10/(-15)). Suppose r*t - 684 = 366. Suppose 5*x - t = 5*w, -4*x - 4*w = -3*w - 290. What is the tens digit of x?
7
Let r be 11/(-2)*(-5 + 3). Suppose r*m + m = 5*m. Suppose m = 11*f - 632 - 809. What is the hundreds digit of f?
1
Suppose 16 = -22*v + 82. Suppose -v*k + 90 = -93. What is the tens digit of k?
6
Let k(b) = 6*b - 12. Let r be k(3). Suppose r*u = -218 - 130. Let c = u - -97. What is the tens digit of c?
3
What is the thousands digit of 4/(-3)*80182575/(-1980)?
3
Let m(x) = -x**3 + 11*x + 110. Let c be m(0). Let o(f) = -f**3 + 8*f**2 - 7*f + 11. Let l be o(8). Let r = l + c. What is the units digit of r?
5
Let m be 14*(156/21 - 6). Let n(z) = z + 6. What is the tens digit of n(m)?
2
Let w(k) = k**3 + 13*k**2 - k + 27. Let t(p) = 2*p**2 + 8*p - 20. Let i be t(-8). Let v = i + -56. What is the units digit of w(v)?
3
Let s(m) = -17*m + 7. Let n(q) = q + 1. Let u(o) = -6*n(o) + s(o). What is the tens digit of u(-9)?
0
Suppose 9*r - 7*r + 8522 = -4*g, -2*g - 4259 = 3*r. Let a = -1077 - g. What is the thousands digit of a?
1
Let c(u) = u - u - u + 2*u + 34. Let o(w) = -w**2 - 5*w + 3. Let r be o(-8). What is the tens digit of c(r)?
1
Suppose -5*s + 31*f - 34*f = -4732, -4*f + 2826 = 3*s. What is the hundreds digit of s?
9
Suppose -3*d - 25 = -2*r, 2*d - 50 = -2*r - 0*d. Let i(j) = -26*j - r*j - 32 + 51*j. What is the tens digit of i(11)?
2
Let o(m) = m**2 + 5*m + 4. Let q be o(-5). Suppose 2*y = 4*b + 156, -2*y + 5*b = -3*y + 64. Suppose -c + q = -y. What is the tens digit of c?
7
Suppose f - 2*b = 2428, -26*f + b - 7319 = -29*f. What is the hundreds digit of f?
4
Let q(b) = -436*b + 2. Let h be q(-4). Suppose -6*u - 96 = -h. What is the units digit of u?
5
Let y = 45 + -43. Let u = -53 + y. What is the units digit of ((-48)/36)/(1/u)?
8
Let i = -33769 - -55154. What is the units digit of i?
5
Suppose 924 = -13*c - 1845. Let r be 6/21 + (-1600)/14. Let d = r - c. What is the units digit of d?
9
Let l = 266 + -260. What is the units digit of ((-25848)/(-96))/(l/16)?
8
Let z be 21/(-7)*8/(-6) - 0. Suppose -4*t + 2*t - z*k - 8 = 0, -5*k = 3*t + 11. What is the units digit of -4 - t - -5 - -73?
6
Let m = 5535 + -7949. Let h = m - -4012. What is the units digit of h?
8
Let i(t) = 144*t - 260. What is the tens digit of i(41)?
4
Let v(c) = -2887*c - 25. What is the units digit of v(-2)?
9
Let l = 4132 - 4121. Let h = -1513 - -3025. Suppose 4*j - l*j + h = 0. What is the hundreds digit of j?
2
Let o = 948 + -2469. Let h = 2190 + o. What is the tens digit of h?
6
Let b = 7106 + -11729. Let f = -3062 - b. What is the hundreds digit of f?
5
Let z = 2424 + 404. What is the tens digit of z?
2
Suppose 0 = 3*u - v - 698, -5*u + 496 + 666 = -2*v. Let g = u + -218. What is the units digit of g?
6
Let z(a) = 188*a**3 + 6*a**2 - 27*a + 27. What is the tens digit of z(3)?
7
Let y be (-1)/(-4 + -2 + 5)*-131. Suppose 0*s + 759 = -3*s. Let k = y - s. What is the units digit of k?
2
Let r be (-